Calculate the highest common factor of b and 4.
4
Let z(u) = -19*u**2 - 96*u - 5. Let n be z(-3). Calculate the greatest common factor of 84 and n.
28
Let k be (-2)/(-11 - -1)*5 - -23. What is the greatest common factor of 108 and k?
12
Suppose 5*j = -5*r + 19 + 31, 0 = 3*r - j - 10. Suppose -60 = -5*z - 5*y, r*z - y + 0*y = 42. What is the highest common factor of z and 63?
9
Suppose m + 4*o + 5 = 0, -6*o = 2*m - 4*o - 2. Suppose -9 = t - 5*u, -3*t + 8*u + 13 = m*u. What is the greatest common factor of t and 44?
11
Let h(x) be the first derivative of -3*x**2/2 - 3*x + 2. Let w be h(-3). Let t be 3/(33/44) + -2. Calculate the greatest common factor of w and t.
2
Let x(y) = 32*y**2 + 8*y + 7 - 33*y**2 - 3. Let d be x(8). Suppose 3*h - 5 = 13. Calculate the highest common factor of h and d.
2
Suppose 4*t + 2*t - 24 = 0. Suppose -b = t*p + p - 10, -5*b = 5*p - 50. What is the greatest common divisor of b and 80?
10
Let s = 13 + -10. Suppose -2*j - 5*q + 14 = -6*q, 0 = -5*j + s*q + 35. Calculate the highest common divisor of 49 and j.
7
Let t be (-24)/6 - 3/(-1). Let d be (48/10)/(t/(-5)). Let n(f) = -5*f - 3. Let u be n(-3). What is the highest common divisor of u and d?
12
Suppose -52 = -4*c + 116. Let n = 29 - c. Let q(y) = -y**3 - 13*y**2 + y + 19. Let w be q(n). Calculate the highest common factor of w and 66.
6
Let k(z) = -12*z - 25. Let p be k(-5). Calculate the highest common divisor of p and 98.
7
Let l be (0 - -1)/((518/672)/37). What is the highest common divisor of l and 60?
12
Let a be 95*(-16)/120*1*-141. Calculate the greatest common divisor of 38 and a.
38
Suppose 0*d - 2*k = -5*d + 137, -k - 136 = -5*d. What is the highest common divisor of d and 675?
27
Let x = -3 + 5. Let q = 7 + x. Suppose -4*m - 5*n - 10 = -q*m, -10 = -2*n. Calculate the highest common factor of 28 and m.
7
Let d be (-2)/5 - ((-2142)/30 + 11). Calculate the greatest common factor of 170 and d.
10
Let b = 66 - -18. Suppose b*x - 83*x - 176 = 0. What is the greatest common divisor of x and 16?
16
Let q = 120 - -6. Calculate the highest common divisor of q and 36.
18
Suppose 3*m = 5*m - 4. Suppose m*v = t - 9, 0 = -4*v - 0 + 4. What is the highest common divisor of t and 11?
11
Let p = 86 - -8. Suppose 436 = -5*n + 3*w, 2*w - p = n - 2*w. Let q = n + 143. Calculate the highest common factor of q and 38.
19
Suppose 4*o = -4*n - 94 + 890, 0 = 5*o - 5. Calculate the highest common divisor of 36 and n.
18
Let o(w) = -38*w + 47. Let z be o(-2). What is the greatest common divisor of z and 205?
41
Let g = 172 - 68. Let k be 18/(-72) + 33/4. Let r be 2/k + -4*204/(-64). What is the highest common divisor of r and g?
13
Let p(j) = 52*j + 44. Let z be p(4). Calculate the highest common divisor of 966 and z.
42
Suppose 0 = 2*i + 5*v + 1, 12*i - 9*i - 33 = 4*v. What is the greatest common divisor of 287 and i?
7
Suppose -185 = -c + 2. Calculate the highest common factor of 17 and c.
17
Suppose 0 = -7*k - 140 + 28. Let q = k + 54. What is the highest common factor of q and 57?
19
Let u be 5/((-50)/(-45)) + (-1)/2. What is the highest common divisor of 2 and u?
2
Let j(x) = -5*x - 1. Let v be j(-1). Suppose 2*b - 20 = 4. Suppose -v*w - k - 5 = -25, -w - 2*k + b = 0. What is the highest common factor of w and 16?
4
Suppose 0 = -u - u - 2*z, -3*z = u + 2. What is the greatest common factor of u and 23?
1
Let q = 27 + -35. Let l be (-2 + (-4)/q)/((-2)/36). What is the greatest common factor of 18 and l?
9
Let m be (6/(-14))/(156/(-1092)). Let z be (-2 - (-2 + 1))*-3. What is the greatest common divisor of m and z?
3
Let j = -1 - 12. Let b(o) = o**3 + 14*o**2 + 11*o - 16. Let c be b(j). Suppose -l + c = -70. Calculate the greatest common divisor of l and 20.
20
Let i = 44 - 29. Suppose 17*d - 1365 = 4*d. Calculate the greatest common factor of i and d.
15
Suppose -21 = a + 5*q, -a - q = 4*a - 15. Suppose a*u - 58 = 42. Let m = 2359 + -2354. What is the greatest common factor of m and u?
5
Let s = -56 + 78. Suppose 145*c - 1573 - 22 = 0. What is the highest common factor of c and s?
11
Let v = 244 - 160. Calculate the greatest common factor of 24 and v.
12
Suppose 0 = 9*s + 4*s - 273. Let b(w) = w**2 - 21*w + 8. Let y be b(s). Calculate the greatest common divisor of 8 and y.
8
Let l = 1557 - 1546. Let s(j) = -122*j**3 + 2*j + 1. Suppose -2*d = -6, 2*r + 5 = -0*d + d. Let m be s(r). What is the highest common divisor of l and m?
11
Let j be (-4)/((-48)/39)*4. Suppose -6*f - 300 = -306. Calculate the highest common factor of f and j.
1
Let k(t) = 101*t**3 - t**2 - 1. Let y be k(1). What is the highest common divisor of y and 132?
33
Suppose -23760 = -102*a + 94*a. What is the greatest common factor of a and 110?
110
Suppose -16*t + 466 = 50. What is the highest common factor of t and 286?
26
Let w(n) = n**3 - 8*n**2 + 1. Let y be w(8). Let u be (4 + (-7 - -5))*1/2. Calculate the greatest common factor of y and u.
1
Let j(d) = 3*d + 53. Let k be j(3). Calculate the highest common divisor of 496 and k.
62
Let s = 119 + -51. Let x(b) = -5*b - 26. Let f be x(-12). What is the greatest common divisor of s and f?
34
Suppose -2*q + 49 = -d + 16, -3*d + 54 = 3*q. Let c be 0 - 0 - (-4)/1. Suppose -z + q = -c. What is the greatest common divisor of 231 and z?
21
Let g be (-1)/1 - (32 + -4)/(-2). Let r be (39/2 - -2) + g/(-26). Calculate the greatest common factor of 7 and r.
7
Suppose -5*l - 2*i - 92 = 0, 4*i - 76 = l + 2*l. Let u = l - -30. Suppose -4*t + 8*t + a = 21, -3*t = 3*a - 18. What is the greatest common factor of t and u?
5
Suppose 7*h = 397 + 247. What is the greatest common factor of 8 and h?
4
Let l be -35 + 48 + -4*1. What is the highest common factor of 12 and l?
3
Suppose p - 5*t = 1057, p - 46*t + 44*t = 1063. Calculate the highest common divisor of p and 33.
11
Let v be (-17 - -4)*(132 - 7)/(-5). What is the greatest common factor of v and 200?
25
Suppose 480 = 5*l - 295. Calculate the highest common divisor of 124 and l.
31
Suppose -25 - 15 = 8*x. Let o be 15/x - (1 - 14). Let s = 23 - 8. What is the greatest common divisor of o and s?
5
Suppose 5*c + 377 = 122. Let g = c + 81. Let p be (-5)/(15/(-2))*g. What is the greatest common factor of 10 and p?
10
Suppose 0 = f - 0*f - 12. Let k = 5 + -5. Suppose -6*n + 2*n + 192 = k. What is the highest common factor of n and f?
12
Let k(h) = h - 4. Let u be k(11). Suppose -6*p = -u*p + 22. Calculate the greatest common divisor of p and 88.
22
Let m = 1242 - 1236. What is the greatest common factor of 102 and m?
6
Let d(u) = u**3 - 9*u**2 + u + 12. Let g be d(9). Let z = g + -6. Let c = -5 + 8. What is the highest common factor of z and c?
3
Let c = 257 + -182. What is the greatest common factor of c and 75?
75
Let y be (4/(-7))/(8/(1 + -169)). Calculate the highest common factor of 432 and y.
12
Suppose -c = -3*c + 2*m - 12, -3*c + 2 = 2*m. Let r = 3 + c. Let y = r - -3. What is the greatest common factor of y and 12?
4
Let x be (-1116)/(-32) - 21/(-168). Calculate the greatest common factor of 560 and x.
35
Suppose 49*y - 57*y = -144. Let q = -62 - -116. What is the highest common divisor of y and q?
18
Let r(x) = -10*x. Let f be r(-1). Suppose 3*n - 7*n = 0. Suppose a + 2*a - 12 = n. Calculate the greatest common factor of a and f.
2
Suppose 9*t - 734 = 238. What is the greatest common divisor of 6 and t?
6
Let o be (-524)/(-28) + 6/21. Suppose 0 = 7*j - 544 - 121. What is the highest common factor of o and j?
19
Let g = 786 + -698. Suppose 3*o - 100 = -4*a, -35 - 95 = -5*a - 5*o. Calculate the highest common factor of a and g.
22
Suppose 2*v = -2*v + 8, 0 = -a + 3*v - 5. Suppose 0 = -5*h + 15, -w - 4*h - a = -3*h. Let r = -3 - w. What is the greatest common factor of r and 9?
1
Suppose -a + 2*f = 1, -4*a + 17 = -a - 2*f. Let m = 27 + a. Calculate the highest common factor of 9 and m.
9
Suppose -3*l = -2*t + 173, 30*t - 32*t = 3*l - 167. Calculate the highest common factor of t and 425.
85
Let h = 77 - 37. Let g be h - (36/8 + -4)*-4. What is the greatest common factor of 12 and g?
6
Suppose -7*n + 2*n = 5*d - 60, -d - 6 = -n. What is the highest common factor of n and 117?
9
Suppose -3*q + 0*q = -3. Let u(i) = 12*i**2 - 2*i + 1. Let j be u(q). Let v(o) = 13*o + 534. Let p be v(-41). What is the greatest common factor of 